 is the greatest common divisor of 583 and d?
53
Let k(a) = 80*a**2 - 4*a - 3. Let b be k(-2). Let f(c) = -35*c - 115. Let p be f(-4). What is the highest common factor of p and b?
25
Let n(x) = x**3 + 4*x**2 + x + 1. Let g be n(-3). Let m be (-10 - (-7 + 1)) + 243. Suppose -15*s - m = -659. Calculate the highest common factor of s and g.
7
Let n = -105455 - -105503. Suppose -37 = -m + 17. What is the highest common factor of n and m?
6
Let c be (-792)/14*17/((-153)/189). What is the highest common divisor of 88 and c?
44
Let q = -2754 + 3146. What is the highest common divisor of q and 539?
49
Let m be -4 + -1 + (-188)/(-4). Let v = -1494 + 1518. What is the greatest common factor of m and v?
6
Let g = 1111 + -771. Let y be (-40)/g + (-325)/(-17). Calculate the greatest common divisor of y and 418.
19
Suppose 4*o + 29*o - 66 = 0. Let a(p) = 38*p**3 - 5*p**2 + 10*p - 5. Let k be a(o). What is the highest common factor of k and 13?
13
Suppose -5*i = -u - 59, -u = 5*i + 46 + 3. Let v = 189 + u. Calculate the highest common factor of 27 and v.
27
Let g = -16058 - -25050. What is the highest common divisor of 8 and g?
8
Suppose 91 = -k - 94. Let s = 79 + k. Let x = -95 - s. Calculate the highest common factor of x and 187.
11
Let k(t) = 6*t**2 - 31*t - 157. Let q be k(-23). Calculate the greatest common factor of q and 10.
10
Suppose 354 = 2*x - 4. Let n = 184 - x. Let y be (16/24)/(4/30). Calculate the greatest common factor of y and n.
5
Suppose -133*u - 90 = -134*u + 126. What is the greatest common divisor of u and 675?
27
Suppose 159*r + 215*r = -139*r + 5165910. Calculate the greatest common factor of 38 and r.
38
Suppose 21*h - 223 = 8. Suppose 0 = -h*t + 15 + 40. Calculate the highest common divisor of 5 and t.
5
Suppose -19*n + 2111 = -929. Calculate the greatest common divisor of 140 and n.
20
Suppose -169*y = 18*y - 1385 - 3103. What is the greatest common divisor of 2472 and y?
24
Let c be (-236)/(-10) - 472/(-1180). What is the greatest common factor of 9344 and c?
8
Suppose -499*h + 1374 + 3117 = 0. Calculate the greatest common factor of h and 927.
9
Let o be (-77 - -168)*27/7. Suppose 2*u = u + 77. Let q = u + -38. Calculate the highest common divisor of o and q.
39
Let u = 176 - 117. Let z be 4/(-2) - -4*3. Suppose z*m + u = 199. Calculate the greatest common divisor of 154 and m.
14
Suppose -2*q + j = -3026, -528*j = q - 533*j - 1540. Calculate the highest common divisor of 10 and q.
10
Let q be ((-16)/10)/(39/(-16380)*28). Let s = 159 - 95. What is the highest common divisor of q and s?
8
Let k(t) = 4*t**2 - 4*t + 12. Let j be k(4). Let c be 4/(-10) - (-502)/5. What is the greatest common factor of j and c?
20
Let x be (455/10)/(-13) + (-2)/4. Let o be (x/10)/(8/(-1240)). Let z = o - 50. What is the highest common divisor of 12 and z?
12
Suppose -u - 1 = 3*c - c, 0 = -u - 1. Suppose 3*g + g - 4 = c. Let a be (-4)/6 + (-78)/(-9). What is the highest common divisor of g and a?
1
Let l(d) = -d**3 + 4*d**2 + 2*d - 4. Let z be l(4). Suppose 0 = -22*y + 21*y + 4*n + 190, 5*n + 716 = z*y. What is the highest common factor of y and 29?
29
Suppose 0 = 171*t - 165*t - 216. Let v be (54 + t)*(-2)/(-4). What is the highest common divisor of v and 360?
45
Suppose -416 = -3*z + 5*i, -2*z + 306 - 12 = 5*i. Let w = -145 + z. Let u be (20/(-25))/(6/45*w). What is the highest common factor of u and 38?
2
Let q = 61 - 38. Suppose 164 = 27*x - q*x. What is the greatest common divisor of 246 and x?
41
Suppose 9*x = -3*f + 588, 4*f + 161 = 4*x + 1057. Calculate the greatest common divisor of f and 992.
31
Let k = -102 + 214. Suppose 264 + 276 = 18*h. Suppose -162 = -h*y + 318. Calculate the highest common factor of k and y.
16
Suppose -73 = -5*b + 32. Let y(s) = 10*s - 27. Let v be y(16). What is the greatest common factor of b and v?
7
Suppose -2 = n, -5*v = -3*v + 3*n + 2. Let m be v/16 + 0 + 231/8. What is the greatest common factor of m and 29?
29
Suppose 3*s - 9 = w, 25*w - 20*w = 2*s + 20. Let y = 16 - -12. Let k be 496/y + (-4)/(-14). What is the highest common divisor of w and k?
6
Let q(r) = -32*r - 179. Let b(c) = 13*c - 156. Let k be b(11). Let d be q(k). Calculate the highest common divisor of d and 316.
79
Suppose 72*o + 71*o = 24024. What is the greatest common divisor of 5376 and o?
168
Let s be (24/14)/(2/140). Suppose 5*f - 21 - 29 = 2*k, f = 4*k + 10. Suppose -144 = -13*b + f*b. What is the highest common factor of s and b?
24
Suppose 56*i + 5625 - 87217 = 0. Calculate the highest common factor of i and 124.
31
Let b = 2021 + -2015. Let s be 1*(2 - 3)*-12. Suppose 0*o = -2*o + s. Calculate the greatest common factor of o and b.
6
Suppose 3*h - 239 + 749 = 0. Let v = -167 - h. Calculate the highest common factor of 1 and v.
1
Suppose 3*n - 80 = 2*d, 734*d - 165 = -5*n + 731*d. Let j(z) = z**3 - z**2 - 3*z + 8. Let h be j(6). What is the greatest common factor of n and h?
10
Suppose 288*a = 267*a + 42. Calculate the highest common factor of 71 and a.
1
Suppose -10*s = -2*s - 168. Suppose 5*n = r - s, -3*r - n = -0*r - 47. What is the greatest common divisor of 2 and r?
2
Let i be 11/(-33)*(-3 - -6). Let y(d) = d - 4. Let w be y(4). Let g be (-2)/6*w - i - -15. Calculate the greatest common factor of g and 40.
8
Let k(o) = 17*o - 148. Let t be k(9). Suppose 4*s - t*s + 18 = 0. What is the highest common factor of 9 and s?
9
Let g(t) = 7*t**2 + 55*t - 6. Let p be g(-8). Let j = -3 - -3. Suppose -r + 2*y = -j*r - 16, y = 5*r - 125. Calculate the highest common factor of p and r.
2
Suppose 762 - 126 = -12*q. Let c = -47 - q. Suppose -2*l - 112 = -c*l. What is the greatest common divisor of 4 and l?
4
Let o = -22 - -23. Let l be 1/(-3) - (-7)/3*o. Suppose 6 = 4*i - 2*b, 0 = 5*i + b + l*b - 2. What is the greatest common factor of i and 3?
1
Suppose 196*o + 14311 = 39843 + 114020. What is the highest common divisor of 136 and o?
8
Let b(i) = -39 + 22*i + 12*i - 42 + 21. Let g be b(5). What is the greatest common divisor of 66 and g?
22
Let o(d) = d**2 + 7*d + 19. Let w be -4 + (-9)/36 + 2/8. Let i be o(w). Calculate the highest common factor of 189 and i.
7
Let v = 11 + -8. Suppose 7*z = -1204 + 2982. Suppose -v*f + 248 = 2*f - g, -2*g + z = 5*f. What is the highest common divisor of 10 and f?
10
Suppose 3*b + 3 = w - b, b = -4*w + 29. Let n be ((1 - 6) + -2)*-1 - -1. Suppose n*p - 7 - 1 = 0. What is the highest common divisor of w and p?
1
Let i = -8673 + 8733. What is the highest common factor of i and 4245?
15
Suppose 3*y - y - 20 = -j, -j - 4*y + 18 = 0. Suppose 4*b + 6*o + 276 = 1232, 3*b = o + 728. What is the highest common divisor of j and b?
22
Suppose 12*z = -0*z + 25500. Suppose 0 = -5*i + 4*d + z, 3*i = -0*d - 4*d + 1307. What is the highest common factor of 39 and i?
39
Let a(l) = 28*l - 158. Let i be a(6). Calculate the greatest common factor of i and 34.
2
Let t = 67 - -304. Let s = -267 + t. What is the highest common divisor of s and 13?
13
Suppose 2*k + 0*k = -4*h - 10, 4*k + 3*h + 30 = 0. Let o be (-6)/k*3 - (-17 - 2). Calculate the greatest common divisor of o and 49.
7
Suppose -3370 = l - 4*g - 10666, -6 = -g. What is the highest common factor of l and 40?
40
Suppose -2*t = -7*t - 15, o - 2*t + 5 = 0. Let i(a) = -a**2 - 9*a + 26. Let f be i(o). Let w = 534 - 520. What is the highest common divisor of f and w?
2
Suppose -k - k + 14 = -i, 32 = 4*k - 4*i. Suppose 2*b - k*b = -108. Suppose 826*y + 18 = 828*y. Calculate the greatest common divisor of b and y.
9
Suppose -90*i + 35*i = -5115. What is the highest common divisor of 651 and i?
93
Suppose -w = 5*y - 7661, 47*w - 49*w - 3062 = -2*y. Suppose 172 - y = -5*p - 2*j, -3*p + 816 = 5*j. Calculate the greatest common divisor of p and 17.
17
Suppose 74037 = -3892*t + 3915*t. What is the highest common divisor of t and 444?
111
Let q be 3*(-6)/18 + 24. Suppose -4*z + q + 34 = -k, 30 = z + 5*k. What is the greatest common factor of z and 6?
3
Let h(q) = -11*q**2 - 9*q**2 - 3*q + 18*q**2. Let g be h(5). Let b = -32 - g. Calculate the highest common divisor of b and 11.
11
Suppose -k = 5*u - 0*k + 524, 3*u = 3*k - 300. Let v be (0 + u)*(1 + (-3)/6). Let s be (-3)/(6/v) - 5/(-5). What is the greatest common divisor of s and 3?
3
Suppose 113*w = 18763 - 16277. Let f(g) = g**